{"id":250,"date":"2025-03-04T23:28:23","date_gmt":"2025-03-04T22:28:23","guid":{"rendered":"https:\/\/noria-research.com\/africas\/?page_id=250"},"modified":"2026-02-08T16:02:00","modified_gmt":"2026-02-08T15:02:00","slug":"axe-2-dynamiques-et-transformations-politiques","status":"publish","type":"page","link":"https:\/\/noria-research.com\/africas\/fr\/a-propos-du-programme-afriques\/axe-2-dynamiques-et-transformations-politiques\/","title":{"rendered":"Axe 2 &#8211; Dynamiques et transformations politiques"},"content":{"rendered":"\n<h2 class=\"wp-block-heading\">Pr\u00e9sentation<\/h2>\n\n\n\n<p>Ces derni\u00e8res ann\u00e9es, transformations politiques et changements de r\u00e9gime se sont multipli\u00e9s \u00e0 travers le continent. Coups d\u2019\u00c9tat militaires, r\u00e9visions constitutionnelles, exercices \u00e9lectoraux contest\u00e9s ou encore r\u00e9gression des libert\u00e9s individuelles et publiques poussent certains auteurs et autrices \u00e0 postuler un \u201cretour de l\u2019autoritarisme en Afrique\u201d (Magnani et Vircoulon, 2019). D\u2019autres postulent l\u2019\u00e9mergence d\u2019une \u201cnouvelle cat\u00e9gorie d&#8217;autoritarisme de type d\u00e9veloppementaliste\u201d dans des pays qui \u201ccultivent ostensiblement le sacrifice des libert\u00e9s individuelles au profit d&#8217;objectifs communs, [&#8230;] tout en favorisant la prosp\u00e9rit\u00e9 \u00e9conomique et le d\u00e9veloppement\u201d (Matfess, 2015; Ngcayisa 2021). Ces remises en cause du mod\u00e8le de d\u00e9mocratie lib\u00e9rale peuvent aussi prendre la forme d\u2019insurrections arm\u00e9es, se revendiquant parfois d\u2019une orientation religieuse. Il est alors courant de les rattacher au &#8220;terrorisme islamique&#8221; et d&#8217;y voir le prolongement du djihadisme d&#8217;Al-Qa\u00efda ou de Daech (P\u00e9rouse de Montclos 2018). En r\u00e9alit\u00e9, ces mouvements s&#8217;inscrivent dans des logiques de terroir et dans une histoire r\u00e9gionale pluris\u00e9culaire (Ch\u00e9tima 2020; Sandor &amp; Campana 2019). Ils concourent \u00e0 une recomposition politique de l&#8217;\u00c9tat-nation postcolonial qu&#8217;ils contraignent \u00e0 se red\u00e9finir, par exemple par un retour de l&#8217;arm\u00e9e au pouvoir ou par une r\u00e9vision de ses relations diplomatiques. Ils v\u00e9hiculent, en outre, des revendications sociales et culturelles autant que religieuses et r\u00e9v\u00e8lent le poids de crises agraires et multiformes (Olivier de Sardan 2023), auxquelles ils se targuent d\u2019offrir des \u00e9l\u00e9ments de r\u00e9ponse.<\/p>\n\n\n\n<p>\u00c0 rebours d\u2019approches de type bureaux de conseil ou <em>think tank<\/em>, cet axe de recherche souhaite prendre pour objet les dynamiques politiques actuelles et r\u00e9centes des Afriques au sud du Sahara. Il s\u2019agira de les \u00e9tudier dans une perspective r\u00e9solument empirique et non normative, attentive aux pratiques ainsi qu\u2019aux logiques et h\u00e9ritages de temps long. On cherchera, par exemple, \u00e0 ne pas consid\u00e9rer les \u201cautoritarismes africains\u201d comme une essence ou une cat\u00e9gorie en soi mais plut\u00f4t \u00e0 l\u2019interroger (a-t-elle une assise r\u00e9elle ?) et questionner les usages qui en sont fait, leur pertinence, leurs effets. On pourra aussi s\u2019int\u00e9resser au rapport des citoyens et citoyennes \u00e0 l\u2019Etat ; au r\u00f4le des mouvements sociaux et \u00e0 leur influence sur les politiques publiques et les agendas politiques internes ou affich\u00e9s ; ou encore \u00e0 l&#8217;impact des interventions \u00e9trang\u00e8res (y compris les investissements, l&#8217;aide internationale, les politiques diplomatiques) et aux r\u00e9ponses des r\u00e9gimes africains aux pressions et opportunit\u00e9s internationales.<\/p>\n\n\n\n<h2 class=\"wp-block-heading\">Ressources<\/h2>\n\n\n\n<ul class=\"wp-block-list\">\n<li>Ch\u00e9tima, M. (2020). Comprendre Boko Haram \u00e0 partir d\u2019une perspective historique, locale et r\u00e9gionale. <em>Canadian Journal of African Studies \/ Revue canadienne des \u00e9tudes africaines<\/em>, 54(2), p. 215-227.<\/li>\n\n\n\n<li>Magnani, V. &amp; Vircoulon, T. (2019). Vers un retour de l\u2019autoritarisme en Afrique ?. <em>Politique \u00e9trang\u00e8re<\/em>, 2, p. 9-23.<\/li>\n\n\n\n<li>Matfess H. (2015). Rwanda and Ethiopia: Developmental Authoritarianism and the New Politics of African Strong Men. <em>African Studies Review<\/em>, 58(2), p. 181-204.<\/li>\n\n\n\n<li>Ngcayisa , L. (2023). Developmental Authoritarianism in Africa: The cases of Ethiopia, Rwanda, and Uganda. <em>Journal of Central and Eastern European African Studies<\/em>, <em>1<\/em>(3), p.93\u2013118.<\/li>\n\n\n\n<li>P\u00e9rouse de Montclos, M.-A. (2018). <em>L&#8217;Afrique, nouvelle fronti\u00e8re du djihad ?<\/em> Paris : La D\u00e9couverte, 160 p.&nbsp;<\/li>\n\n\n\n<li>Olivier de Sardan, J.-P. (2023). <em>L&#8217;Enchev\u00eatrement des crises au Sahel : Niger, Mali, Burkina Faso<\/em>. Paris : Karthala.<\/li>\n\n\n\n<li>Sandor, A., &amp; Campana, A. (2019). Les groupes djihadistes au Mali, entre violence, recherche de l\u00e9gitimit\u00e9 et politiques locales. <em>Canadian Journal of African Studies \/ Revue Canadienne Des \u00c9tudes Africaines<\/em>, <em>53<\/em>(3), p. 415\u2013430.<\/li>\n<\/ul>\n\n\n\n<p><\/p>\n\n\n\n<h2 class=\"wp-block-heading\">S\u00e9ances du s\u00e9minaire<\/h2>\n\n\n\n<div class=\"wp-block-media-text is-stacked-on-mobile is-vertically-aligned-top\" style=\"grid-template-columns:35% auto\"><figure class=\"wp-block-media-text__media\"><img loading=\"lazy\" decoding=\"async\" width=\"1022\" height=\"397\" src=\"http:\/\/noria-research.com\/africas\/wp-content\/uploads\/2025\/02\/Seminaire-2.png\" alt=\"\" class=\"wp-image-32044 size-full\" srcset=\"https:\/\/noria-research.com\/africas\/wp-content\/uploads\/2025\/02\/Seminaire-2.png 1022w, https:\/\/noria-research.com\/africas\/wp-content\/uploads\/2025\/02\/Seminaire-2-1000x388.png 1000w, https:\/\/noria-research.com\/africas\/wp-content\/uploads\/2025\/02\/Seminaire-2-500x194.png 500w, https:\/\/noria-research.com\/africas\/wp-content\/uploads\/2025\/02\/Seminaire-2-768x298.png 768w\" sizes=\"auto, (max-width: 1022px) 100vw, 1022px\" \/><\/figure><div class=\"wp-block-media-text__content\">\n<ul class=\"wp-block-list\">\n<li style=\"font-size:16px\"><a href=\"https:\/\/noria-research.com\/africas\/fr\/seminaire-seance-n1-b-molo\/\">S\u00e9ance 1<\/a> &#8211; <a href=\"https:\/\/noria-research.com\/fr\/auteur\/bmollo\/\">Brice Molo.<\/a> <em>Catastrophes, utilit\u00e9 publique et ren\u00e9gociation de l&#8217;Etat au Cameroun. Histoire d&#8217;une socialisation \u00e9v\u00e9nementielle<\/em>. <strong>6 novembre 2024. <\/strong><\/li>\n\n\n\n<li style=\"font-size:16px\"><a href=\"https:\/\/noria-research.com\/africas\/fr\/seminaire-seance-n4-d-a-cisse\/\">S\u00e9ance 4<\/a> &#8211; <a href=\"https:\/\/noria-research.com\/fr\/author\/dcisse\/\">Diane Alima Ciss\u00e9<\/a>. <em>Accaparements des terres et micromobilisation aux abords du lac de Guiers au S\u00e9n\u00e9gal.<\/em> <strong>3 d\u00e9cembre 2024.<\/strong><\/li>\n\n\n\n<li style=\"font-size:16px\"><a href=\"https:\/\/noria-research.com\/africas\/fr\/seminaire-seance-n5-n-talas\/\">S\u00e9ance 5<\/a> &#8211; Noor Talas. <em>Divides, ruptures, sutures: Navigating the post-colonial legacy and the contemporary political positions in Mauritania to tackle impunity and foment GBV awareness<\/em>. <strong>17 janvier 2025.<\/strong><\/li>\n\n\n\n<li style=\"font-size:16px\"><a href=\"https:\/\/noria-research.com\/africas\/fr\/seminaire-seance-n6-r-tiquet\/\">S\u00e9ance 6<\/a> &#8211; Romain Tiquet. <em>Koutal Keur Malick Ndiaye : entre enfermement, contr\u00f4le \u00e9conomique et rel\u00e9gation des corps (post)coloniaux (S\u00e9n\u00e9gal ann\u00e9es 1930-1970).<\/em> <strong>23 janvier 2025.<\/strong><\/li>\n\n\n\n<li style=\"font-size:16px\"><a href=\"https:\/\/noria-research.com\/africas\/fr\/seminaire-seance-n7-pc-beninga\/\">S\u00e9ance 7<\/a> &#8211; Paul-Crescent Beninga. <em>Le 3e mandat de Touadera en R\u00e9publique centrafricaine : entre strat\u00e9gies de mobilisation et d&#8217;opposition.<\/em> <strong>10 f\u00e9vrier 2025.<\/strong><\/li>\n\n\n\n<li style=\"font-size:16px\"><a href=\"https:\/\/noria-research.com\/africas\/fr\/seminaire-seance-n8-l-klein\/\">S\u00e9ance 8<\/a> &#8211; Louise Klein. <em>R\u00e9formes du droit et politiques juridictionnelles au Somaliland colonial et postcolonial (1884-2021)<\/em>. <strong>19 f\u00e9vrier 2025.<\/strong><\/li>\n<\/ul>\n<\/div><\/div>\n\n\n\n<p><\/p>\n\n\n\n<h2 class=\"wp-block-heading\">Publications du programme<\/h2>\n\n\n\n<figure class=\"wp-block-embed is-type-wp-embed is-provider-africas wp-block-embed-africas\"><div class=\"wp-block-embed__wrapper\">\n<blockquote class=\"wp-embedded-content\" data-secret=\"huAIoSZC2b\"><a href=\"https:\/\/noria-research.com\/africas\/fr\/terres-sacrees-et-tensions-profanes-economie-religieuse-et-conflits-agropastoraux-dans-le-sud-tchadien\/\">Terres sacr\u00e9es et tensions profanes\u00a0: \u00e9conomie religieuse et conflits agropastoraux dans le Sud tchadien<\/a><\/blockquote><iframe loading=\"lazy\" class=\"wp-embedded-content\" sandbox=\"allow-scripts\" security=\"restricted\" style=\"position: absolute; visibility: hidden;\" title=\"&#8220;Terres sacr\u00e9es et tensions profanes\u00a0: \u00e9conomie religieuse et conflits agropastoraux dans le Sud tchadien&#8221; &#8212; Africas\" src=\"https:\/\/noria-research.com\/africas\/fr\/terres-sacrees-et-tensions-profanes-economie-religieuse-et-conflits-agropastoraux-dans-le-sud-tchadien\/embed\/#?secret=7IDQ7h1Kxb#?secret=huAIoSZC2b\" data-secret=\"huAIoSZC2b\" width=\"500\" height=\"282\" frameborder=\"0\" marginwidth=\"0\" marginheight=\"0\" scrolling=\"no\"><\/iframe>\n<\/div><\/figure>\n\n\n\n<p><\/p>\n","protected":false},"excerpt":{"rendered":"<p>Pr\u00e9sentation Ces derni\u00e8res ann\u00e9es, transformations politiques et changements de r\u00e9gime se sont multipli\u00e9s \u00e0 travers le continent. Coups d\u2019\u00c9tat militaires, r\u00e9visions constitutionnelles, exercices \u00e9lectoraux contest\u00e9s ou encore r\u00e9gression des libert\u00e9s individuelles et publiques poussent certains auteurs et autrices \u00e0 postuler un \u201cretour de l\u2019autoritarisme en Afrique\u201d (Magnani et Vircoulon, 2019). D\u2019autres postulent l\u2019\u00e9mergence d\u2019une \u201cnouvelle [&hellip;]<\/p>\n","protected":false},"author":453,"featured_media":0,"parent":23,"menu_order":0,"comment_status":"closed","ping_status":"closed","template":"","meta":{"footnotes":""},"podcast":[],"project":[],"class_list":["post-250","page","type-page","status-publish","hentry"],"yoast_head":"<!-- This site is optimized with the Yoast SEO plugin v26.0 - https:\/\/yoast.com\/wordpress\/plugins\/seo\/ -->\n<title>Axe 2 - Dynamiques et transformations politiques - Africas<\/title>\n<meta name=\"robots\" content=\"index, follow, max-snippet:-1, max-image-preview:large, max-video-preview:-1\" \/>\n<link rel=\"canonical\" href=\"https:\/\/noria-research.com\/africas\/fr\/a-propos-du-programme-afriques\/axe-2-dynamiques-et-transformations-politiques\/\" \/>\n<meta property=\"og:locale\" content=\"en_US\" \/>\n<meta property=\"og:type\" content=\"article\" \/>\n<meta property=\"og:title\" content=\"Axe 2 - Dynamiques et transformations politiques - Africas\" \/>\n<meta property=\"og:description\" content=\"Pr\u00e9sentation Ces derni\u00e8res ann\u00e9es, transformations politiques et changements de r\u00e9gime se sont multipli\u00e9s \u00e0 travers le continent. Coups d\u2019\u00c9tat militaires, r\u00e9visions constitutionnelles, exercices \u00e9lectoraux contest\u00e9s ou encore r\u00e9gression des libert\u00e9s individuelles et publiques poussent certains auteurs et autrices \u00e0 postuler un \u201cretour de l\u2019autoritarisme en Afrique\u201d (Magnani et Vircoulon, 2019). D\u2019autres postulent l\u2019\u00e9mergence d\u2019une \u201cnouvelle [&hellip;]\" \/>\n<meta property=\"og:url\" content=\"https:\/\/noria-research.com\/africas\/fr\/a-propos-du-programme-afriques\/axe-2-dynamiques-et-transformations-politiques\/\" \/>\n<meta property=\"og:site_name\" content=\"Africas\" \/>\n<meta property=\"article:modified_time\" content=\"2026-02-08T15:02:00+00:00\" \/>\n<meta name=\"twitter:card\" content=\"summary_large_image\" \/>\n<meta name=\"twitter:label1\" content=\"Est. reading time\" \/>\n\t<meta name=\"twitter:data1\" content=\"4 minutes\" \/>\n<script type=\"application\/ld+json\" class=\"yoast-schema-graph\">{\"@context\":\"https:\/\/schema.org\",\"@graph\":[{\"@type\":\"WebPage\",\"@id\":\"https:\/\/noria-research.com\/africas\/fr\/a-propos-du-programme-afriques\/axe-2-dynamiques-et-transformations-politiques\/\",\"url\":\"https:\/\/noria-research.com\/africas\/fr\/a-propos-du-programme-afriques\/axe-2-dynamiques-et-transformations-politiques\/\",\"name\":\"Axe 2 - Dynamiques et transformations politiques - Africas\",\"isPartOf\":{\"@id\":\"https:\/\/noria-research.com\/africas\/#website\"},\"primaryImageOfPage\":{\"@id\":\"https:\/\/noria-research.com\/africas\/fr\/a-propos-du-programme-afriques\/axe-2-dynamiques-et-transformations-politiques\/#primaryimage\"},\"image\":{\"@id\":\"https:\/\/noria-research.com\/africas\/fr\/a-propos-du-programme-afriques\/axe-2-dynamiques-et-transformations-politiques\/#primaryimage\"},\"thumbnailUrl\":\"http:\/\/noria-research.com\/africas\/wp-content\/uploads\/2025\/02\/Seminaire-2.png\",\"datePublished\":\"2025-03-04T22:28:23+00:00\",\"dateModified\":\"2026-02-08T15:02:00+00:00\",\"breadcrumb\":{\"@id\":\"https:\/\/noria-research.com\/africas\/fr\/a-propos-du-programme-afriques\/axe-2-dynamiques-et-transformations-politiques\/#breadcrumb\"},\"inLanguage\":\"en-US\",\"potentialAction\":[{\"@type\":\"ReadAction\",\"target\":[\"https:\/\/noria-research.com\/africas\/fr\/a-propos-du-programme-afriques\/axe-2-dynamiques-et-transformations-politiques\/\"]}]},{\"@type\":\"ImageObject\",\"inLanguage\":\"en-US\",\"@id\":\"https:\/\/noria-research.com\/africas\/fr\/a-propos-du-programme-afriques\/axe-2-dynamiques-et-transformations-politiques\/#primaryimage\",\"url\":\"http:\/\/noria-research.com\/africas\/wp-content\/uploads\/2025\/02\/Seminaire-2.png\",\"contentUrl\":\"http:\/\/noria-research.com\/africas\/wp-content\/uploads\/2025\/02\/Seminaire-2.png\"},{\"@type\":\"BreadcrumbList\",\"@id\":\"https:\/\/noria-research.com\/africas\/fr\/a-propos-du-programme-afriques\/axe-2-dynamiques-et-transformations-politiques\/#breadcrumb\",\"itemListElement\":[{\"@type\":\"ListItem\",\"position\":1,\"name\":\"Afriques\",\"item\":\"https:\/\/noria-research.com\/africas\/\"},{\"@type\":\"ListItem\",\"position\":2,\"name\":\"\u00c0 propos du programme Afriques\",\"item\":\"https:\/\/noria-research.com\/africas\/fr\/a-propos-du-programme-afriques\/\"},{\"@type\":\"ListItem\",\"position\":3,\"name\":\"Axe 2 &#8211; Dynamiques et transformations politiques\"}]},{\"@type\":\"WebSite\",\"@id\":\"https:\/\/noria-research.com\/africas\/#website\",\"url\":\"https:\/\/noria-research.com\/africas\/\",\"name\":\"Africas\",\"description\":\"\",\"publisher\":{\"@id\":\"https:\/\/noria-research.com\/africas\/#organization\"},\"potentialAction\":[{\"@type\":\"SearchAction\",\"target\":{\"@type\":\"EntryPoint\",\"urlTemplate\":\"https:\/\/noria-research.com\/africas\/?s={search_term_string}\"},\"query-input\":{\"@type\":\"PropertyValueSpecification\",\"valueRequired\":true,\"valueName\":\"search_term_string\"}}],\"inLanguage\":\"en-US\"},{\"@type\":\"Organization\",\"@id\":\"https:\/\/noria-research.com\/africas\/#organization\",\"name\":\"Africas\",\"url\":\"https:\/\/noria-research.com\/africas\/\",\"logo\":{\"@type\":\"ImageObject\",\"inLanguage\":\"en-US\",\"@id\":\"https:\/\/noria-research.com\/africas\/#\/schema\/logo\/image\/\",\"url\":\"https:\/\/noria-research.com\/africas\/wp-content\/uploads\/2024\/06\/Logo-Noria-Africas-Blanc.svg\",\"contentUrl\":\"https:\/\/noria-research.com\/africas\/wp-content\/uploads\/2024\/06\/Logo-Noria-Africas-Blanc.svg\",\"caption\":\"Africas\"},\"image\":{\"@id\":\"https:\/\/noria-research.com\/africas\/#\/schema\/logo\/image\/\"}}]}<\/script>\n<!-- \/ Yoast SEO plugin. -->","yoast_head_json":{"title":"Axe 2 - Dynamiques et transformations politiques - Africas","robots":{"index":"index","follow":"follow","max-snippet":"max-snippet:-1","max-image-preview":"max-image-preview:large","max-video-preview":"max-video-preview:-1"},"canonical":"https:\/\/noria-research.com\/africas\/fr\/a-propos-du-programme-afriques\/axe-2-dynamiques-et-transformations-politiques\/","og_locale":"en_US","og_type":"article","og_title":"Axe 2 - Dynamiques et transformations politiques - Africas","og_description":"Pr\u00e9sentation Ces derni\u00e8res ann\u00e9es, transformations politiques et changements de r\u00e9gime se sont multipli\u00e9s \u00e0 travers le continent. Coups d\u2019\u00c9tat militaires, r\u00e9visions constitutionnelles, exercices \u00e9lectoraux contest\u00e9s ou encore r\u00e9gression des libert\u00e9s individuelles et publiques poussent certains auteurs et autrices \u00e0 postuler un \u201cretour de l\u2019autoritarisme en Afrique\u201d (Magnani et Vircoulon, 2019). D\u2019autres postulent l\u2019\u00e9mergence d\u2019une \u201cnouvelle [&hellip;]","og_url":"https:\/\/noria-research.com\/africas\/fr\/a-propos-du-programme-afriques\/axe-2-dynamiques-et-transformations-politiques\/","og_site_name":"Africas","article_modified_time":"2026-02-08T15:02:00+00:00","twitter_card":"summary_large_image","twitter_misc":{"Est. reading time":"4 minutes"},"schema":{"@context":"https:\/\/schema.org","@graph":[{"@type":"WebPage","@id":"https:\/\/noria-research.com\/africas\/fr\/a-propos-du-programme-afriques\/axe-2-dynamiques-et-transformations-politiques\/","url":"https:\/\/noria-research.com\/africas\/fr\/a-propos-du-programme-afriques\/axe-2-dynamiques-et-transformations-politiques\/","name":"Axe 2 - Dynamiques et transformations politiques - Africas","isPartOf":{"@id":"https:\/\/noria-research.com\/africas\/#website"},"primaryImageOfPage":{"@id":"https:\/\/noria-research.com\/africas\/fr\/a-propos-du-programme-afriques\/axe-2-dynamiques-et-transformations-politiques\/#primaryimage"},"image":{"@id":"https:\/\/noria-research.com\/africas\/fr\/a-propos-du-programme-afriques\/axe-2-dynamiques-et-transformations-politiques\/#primaryimage"},"thumbnailUrl":"http:\/\/noria-research.com\/africas\/wp-content\/uploads\/2025\/02\/Seminaire-2.png","datePublished":"2025-03-04T22:28:23+00:00","dateModified":"2026-02-08T15:02:00+00:00","breadcrumb":{"@id":"https:\/\/noria-research.com\/africas\/fr\/a-propos-du-programme-afriques\/axe-2-dynamiques-et-transformations-politiques\/#breadcrumb"},"inLanguage":"en-US","potentialAction":[{"@type":"ReadAction","target":["https:\/\/noria-research.com\/africas\/fr\/a-propos-du-programme-afriques\/axe-2-dynamiques-et-transformations-politiques\/"]}]},{"@type":"ImageObject","inLanguage":"en-US","@id":"https:\/\/noria-research.com\/africas\/fr\/a-propos-du-programme-afriques\/axe-2-dynamiques-et-transformations-politiques\/#primaryimage","url":"http:\/\/noria-research.com\/africas\/wp-content\/uploads\/2025\/02\/Seminaire-2.png","contentUrl":"http:\/\/noria-research.com\/africas\/wp-content\/uploads\/2025\/02\/Seminaire-2.png"},{"@type":"BreadcrumbList","@id":"https:\/\/noria-research.com\/africas\/fr\/a-propos-du-programme-afriques\/axe-2-dynamiques-et-transformations-politiques\/#breadcrumb","itemListElement":[{"@type":"ListItem","position":1,"name":"Afriques","item":"https:\/\/noria-research.com\/africas\/"},{"@type":"ListItem","position":2,"name":"\u00c0 propos du programme Afriques","item":"https:\/\/noria-research.com\/africas\/fr\/a-propos-du-programme-afriques\/"},{"@type":"ListItem","position":3,"name":"Axe 2 &#8211; Dynamiques et transformations politiques"}]},{"@type":"WebSite","@id":"https:\/\/noria-research.com\/africas\/#website","url":"https:\/\/noria-research.com\/africas\/","name":"Africas","description":"","publisher":{"@id":"https:\/\/noria-research.com\/africas\/#organization"},"potentialAction":[{"@type":"SearchAction","target":{"@type":"EntryPoint","urlTemplate":"https:\/\/noria-research.com\/africas\/?s={search_term_string}"},"query-input":{"@type":"PropertyValueSpecification","valueRequired":true,"valueName":"search_term_string"}}],"inLanguage":"en-US"},{"@type":"Organization","@id":"https:\/\/noria-research.com\/africas\/#organization","name":"Africas","url":"https:\/\/noria-research.com\/africas\/","logo":{"@type":"ImageObject","inLanguage":"en-US","@id":"https:\/\/noria-research.com\/africas\/#\/schema\/logo\/image\/","url":"https:\/\/noria-research.com\/africas\/wp-content\/uploads\/2024\/06\/Logo-Noria-Africas-Blanc.svg","contentUrl":"https:\/\/noria-research.com\/africas\/wp-content\/uploads\/2024\/06\/Logo-Noria-Africas-Blanc.svg","caption":"Africas"},"image":{"@id":"https:\/\/noria-research.com\/africas\/#\/schema\/logo\/image\/"}}]}},"_links":{"self":[{"href":"https:\/\/noria-research.com\/africas\/wp-json\/wp\/v2\/pages\/250","targetHints":{"allow":["GET"]}}],"collection":[{"href":"https:\/\/noria-research.com\/africas\/wp-json\/wp\/v2\/pages"}],"about":[{"href":"https:\/\/noria-research.com\/africas\/wp-json\/wp\/v2\/types\/page"}],"author":[{"embeddable":true,"href":"https:\/\/noria-research.com\/africas\/wp-json\/wp\/v2\/users\/453"}],"replies":[{"embeddable":true,"href":"https:\/\/noria-research.com\/africas\/wp-json\/wp\/v2\/comments?post=250"}],"version-history":[{"count":14,"href":"https:\/\/noria-research.com\/africas\/wp-json\/wp\/v2\/pages\/250\/revisions"}],"predecessor-version":[{"id":556,"href":"https:\/\/noria-research.com\/africas\/wp-json\/wp\/v2\/pages\/250\/revisions\/556"}],"up":[{"embeddable":true,"href":"https:\/\/noria-research.com\/africas\/wp-json\/wp\/v2\/pages\/23"}],"wp:attachment":[{"href":"https:\/\/noria-research.com\/africas\/wp-json\/wp\/v2\/media?parent=250"}],"wp:term":[{"taxonomy":"podcast","embeddable":true,"href":"https:\/\/noria-research.com\/africas\/wp-json\/wp\/v2\/podcast?post=250"},{"taxonomy":"project","embeddable":true,"href":"https:\/\/noria-research.com\/africas\/wp-json\/wp\/v2\/project?post=250"}],"curies":[{"name":"wp","href":"https:\/\/api.w.org\/{rel}","templated":true}]}}