{"id":175,"date":"2025-02-18T22:32:57","date_gmt":"2025-02-18T21:32:57","guid":{"rendered":"https:\/\/noria-research.com\/africas\/?page_id=175"},"modified":"2025-07-09T19:30:32","modified_gmt":"2025-07-09T17:30:32","slug":"seminaire-2024-2025","status":"publish","type":"page","link":"https:\/\/noria-research.com\/africas\/fr\/seminaire-2024-2025\/","title":{"rendered":"S\u00e9minaire 2024-2025"},"content":{"rendered":"\n<div class=\"wp-block-buttons is-content-justification-center is-layout-flex wp-container-core-buttons-is-layout-16018d1d wp-block-buttons-is-layout-flex\">\n<div class=\"wp-block-button\"><a class=\"wp-block-button__link has-text-align-center wp-element-button\" href=\"http:\/\/noria-research.com\/africas\/wp-content\/uploads\/2025\/02\/AAC_Noria_Afriques.pdf\" target=\"_blank\" rel=\"noreferrer noopener\">Appel \u00e0 communication 2024-2025<\/a><\/div>\n\n\n\n<div class=\"wp-block-button\"><a class=\"wp-block-button__link has-text-align-center wp-element-button\" href=\"http:\/\/noria-research.com\/africas\/wp-content\/uploads\/2025\/07\/Calendrier-Seminaire-2024-2025.pdf\" target=\"_blank\" rel=\"noreferrer noopener\">Programme complet 2024-2025<\/a><\/div>\n<\/div>\n\n\n\n<p>Retrouvez l&#8217;appel \u00e0 communication 2025-2026 sur <a href=\"https:\/\/noria-research.com\/africas\/fr\/seminaire-2025-2026\/\">la page d\u00e9di\u00e9e<\/a>.<\/p>\n\n\n\n<h2 class=\"wp-block-heading\">Retour sur les s\u00e9ances :<\/h2>\n\n\n\n<p><em>(en cliquant sur l&#8217;image)<\/em><\/p>\n\n\n\n<figure class=\"wp-block-gallery has-nested-images columns-default is-cropped wp-block-gallery-1 is-layout-flex wp-block-gallery-is-layout-flex\">\n<figure class=\"wp-block-image size-full\"><a href=\"https:\/\/noria-research.com\/africas\/fr\/seminaire-seance-n1-b-molo\/\"><img loading=\"lazy\" decoding=\"async\" width=\"1400\" height=\"900\" data-id=\"32194\" src=\"http:\/\/noria-research.com\/africas\/wp-content\/uploads\/2025\/04\/1.png\" alt=\"\" class=\"wp-image-32194\" srcset=\"https:\/\/noria-research.com\/africas\/wp-content\/uploads\/2025\/04\/1.png 1400w, https:\/\/noria-research.com\/africas\/wp-content\/uploads\/2025\/04\/1-1000x643.png 1000w, https:\/\/noria-research.com\/africas\/wp-content\/uploads\/2025\/04\/1-500x321.png 500w, https:\/\/noria-research.com\/africas\/wp-content\/uploads\/2025\/04\/1-768x494.png 768w\" sizes=\"auto, (max-width: 1400px) 100vw, 1400px\" \/><\/a><\/figure>\n\n\n\n<figure class=\"wp-block-image size-full\"><a href=\"https:\/\/noria-research.com\/africas\/fr\/seminaire-seance-n2-l-noubou-noumowe\/\"><img loading=\"lazy\" decoding=\"async\" width=\"1400\" height=\"900\" data-id=\"32208\" src=\"http:\/\/noria-research.com\/africas\/wp-content\/uploads\/2025\/04\/2.png\" alt=\"\" class=\"wp-image-32208\" srcset=\"https:\/\/noria-research.com\/africas\/wp-content\/uploads\/2025\/04\/2.png 1400w, https:\/\/noria-research.com\/africas\/wp-content\/uploads\/2025\/04\/2-1000x643.png 1000w, https:\/\/noria-research.com\/africas\/wp-content\/uploads\/2025\/04\/2-500x321.png 500w, https:\/\/noria-research.com\/africas\/wp-content\/uploads\/2025\/04\/2-768x494.png 768w\" sizes=\"auto, (max-width: 1400px) 100vw, 1400px\" \/><\/a><\/figure>\n\n\n\n<figure class=\"wp-block-image size-full\"><a href=\"https:\/\/noria-research.com\/africas\/fr\/seminaire-seance-n3-j-villa\/\"><img loading=\"lazy\" decoding=\"async\" width=\"1400\" height=\"900\" data-id=\"32195\" src=\"http:\/\/noria-research.com\/africas\/wp-content\/uploads\/2025\/04\/3.png\" alt=\"\" class=\"wp-image-32195\" srcset=\"https:\/\/noria-research.com\/africas\/wp-content\/uploads\/2025\/04\/3.png 1400w, https:\/\/noria-research.com\/africas\/wp-content\/uploads\/2025\/04\/3-1000x643.png 1000w, https:\/\/noria-research.com\/africas\/wp-content\/uploads\/2025\/04\/3-500x321.png 500w, https:\/\/noria-research.com\/africas\/wp-content\/uploads\/2025\/04\/3-768x494.png 768w\" sizes=\"auto, (max-width: 1400px) 100vw, 1400px\" \/><\/a><\/figure>\n\n\n\n<figure class=\"wp-block-image size-full\"><a href=\"https:\/\/noria-research.com\/africas\/fr\/seminaire-seance-n4-d-a-cisse\/\"><img loading=\"lazy\" decoding=\"async\" width=\"1400\" height=\"900\" data-id=\"32196\" src=\"http:\/\/noria-research.com\/africas\/wp-content\/uploads\/2025\/04\/4.png\" alt=\"\" class=\"wp-image-32196\" srcset=\"https:\/\/noria-research.com\/africas\/wp-content\/uploads\/2025\/04\/4.png 1400w, https:\/\/noria-research.com\/africas\/wp-content\/uploads\/2025\/04\/4-1000x643.png 1000w, https:\/\/noria-research.com\/africas\/wp-content\/uploads\/2025\/04\/4-500x321.png 500w, https:\/\/noria-research.com\/africas\/wp-content\/uploads\/2025\/04\/4-768x494.png 768w\" sizes=\"auto, (max-width: 1400px) 100vw, 1400px\" \/><\/a><\/figure>\n\n\n\n<figure class=\"wp-block-image size-full\"><a href=\"https:\/\/noria-research.com\/africas\/fr\/seminaire-seance-n5-n-talas\/\"><img loading=\"lazy\" decoding=\"async\" width=\"1400\" height=\"900\" data-id=\"32197\" src=\"http:\/\/noria-research.com\/africas\/wp-content\/uploads\/2025\/04\/5.png\" alt=\"\" class=\"wp-image-32197\" srcset=\"https:\/\/noria-research.com\/africas\/wp-content\/uploads\/2025\/04\/5.png 1400w, https:\/\/noria-research.com\/africas\/wp-content\/uploads\/2025\/04\/5-1000x643.png 1000w, https:\/\/noria-research.com\/africas\/wp-content\/uploads\/2025\/04\/5-500x321.png 500w, https:\/\/noria-research.com\/africas\/wp-content\/uploads\/2025\/04\/5-768x494.png 768w\" sizes=\"auto, (max-width: 1400px) 100vw, 1400px\" \/><\/a><\/figure>\n\n\n\n<figure class=\"wp-block-image size-full\"><a href=\"https:\/\/noria-research.com\/africas\/fr\/seminaire-seance-n6-r-tiquet\/\"><img loading=\"lazy\" decoding=\"async\" width=\"1400\" height=\"900\" data-id=\"32198\" src=\"http:\/\/noria-research.com\/africas\/wp-content\/uploads\/2025\/04\/6.png\" alt=\"\" class=\"wp-image-32198\" srcset=\"https:\/\/noria-research.com\/africas\/wp-content\/uploads\/2025\/04\/6.png 1400w, https:\/\/noria-research.com\/africas\/wp-content\/uploads\/2025\/04\/6-1000x643.png 1000w, https:\/\/noria-research.com\/africas\/wp-content\/uploads\/2025\/04\/6-500x321.png 500w, https:\/\/noria-research.com\/africas\/wp-content\/uploads\/2025\/04\/6-768x494.png 768w\" sizes=\"auto, (max-width: 1400px) 100vw, 1400px\" \/><\/a><\/figure>\n\n\n\n<figure class=\"wp-block-image size-full\"><a href=\"https:\/\/noria-research.com\/africas\/fr\/seminaire-seance-n7-pc-beninga\/\"><img loading=\"lazy\" decoding=\"async\" width=\"1400\" height=\"900\" data-id=\"32199\" src=\"http:\/\/noria-research.com\/africas\/wp-content\/uploads\/2025\/04\/7.png\" alt=\"\" class=\"wp-image-32199\" srcset=\"https:\/\/noria-research.com\/africas\/wp-content\/uploads\/2025\/04\/7.png 1400w, https:\/\/noria-research.com\/africas\/wp-content\/uploads\/2025\/04\/7-1000x643.png 1000w, https:\/\/noria-research.com\/africas\/wp-content\/uploads\/2025\/04\/7-500x321.png 500w, https:\/\/noria-research.com\/africas\/wp-content\/uploads\/2025\/04\/7-768x494.png 768w\" sizes=\"auto, (max-width: 1400px) 100vw, 1400px\" \/><\/a><\/figure>\n\n\n\n<figure class=\"wp-block-image size-full\"><a href=\"https:\/\/noria-research.com\/africas\/fr\/seminaire-seance-n8-l-klein\/\"><img loading=\"lazy\" decoding=\"async\" width=\"1400\" height=\"900\" data-id=\"32200\" src=\"http:\/\/noria-research.com\/africas\/wp-content\/uploads\/2025\/04\/8.png\" alt=\"\" class=\"wp-image-32200\" srcset=\"https:\/\/noria-research.com\/africas\/wp-content\/uploads\/2025\/04\/8.png 1400w, https:\/\/noria-research.com\/africas\/wp-content\/uploads\/2025\/04\/8-1000x643.png 1000w, https:\/\/noria-research.com\/africas\/wp-content\/uploads\/2025\/04\/8-500x321.png 500w, https:\/\/noria-research.com\/africas\/wp-content\/uploads\/2025\/04\/8-768x494.png 768w\" sizes=\"auto, (max-width: 1400px) 100vw, 1400px\" \/><\/a><\/figure>\n\n\n\n<figure class=\"wp-block-image\"><img loading=\"lazy\" decoding=\"async\" width=\"1400\" height=\"900\" data-id=\"32209\" src=\"http:\/\/noria-research.com\/africas\/wp-content\/uploads\/2025\/04\/9.png\" alt=\"\" class=\"wp-image-32209\" srcset=\"https:\/\/noria-research.com\/africas\/wp-content\/uploads\/2025\/04\/9.png 1400w, https:\/\/noria-research.com\/africas\/wp-content\/uploads\/2025\/04\/9-1000x643.png 1000w, https:\/\/noria-research.com\/africas\/wp-content\/uploads\/2025\/04\/9-500x321.png 500w, https:\/\/noria-research.com\/africas\/wp-content\/uploads\/2025\/04\/9-768x494.png 768w\" sizes=\"auto, (max-width: 1400px) 100vw, 1400px\" \/><\/figure>\n\n\n\n<figure class=\"wp-block-image\"><img loading=\"lazy\" decoding=\"async\" width=\"1400\" height=\"900\" data-id=\"32326\" src=\"http:\/\/noria-research.com\/africas\/wp-content\/uploads\/2025\/06\/10.png\" alt=\"\" class=\"wp-image-32326\" srcset=\"https:\/\/noria-research.com\/africas\/wp-content\/uploads\/2025\/06\/10.png 1400w, https:\/\/noria-research.com\/africas\/wp-content\/uploads\/2025\/06\/10-1000x643.png 1000w, https:\/\/noria-research.com\/africas\/wp-content\/uploads\/2025\/06\/10-500x321.png 500w, https:\/\/noria-research.com\/africas\/wp-content\/uploads\/2025\/06\/10-768x494.png 768w\" sizes=\"auto, (max-width: 1400px) 100vw, 1400px\" \/><\/figure>\n\n\n\n<figure class=\"wp-block-image\"><a href=\"https:\/\/noria-research.com\/africas\/fr\/?p=498\"><img loading=\"lazy\" decoding=\"async\" width=\"1400\" height=\"900\" data-id=\"32211\" src=\"http:\/\/noria-research.com\/africas\/wp-content\/uploads\/2025\/04\/11.png\" alt=\"\" class=\"wp-image-32211\" srcset=\"https:\/\/noria-research.com\/africas\/wp-content\/uploads\/2025\/04\/11.png 1400w, https:\/\/noria-research.com\/africas\/wp-content\/uploads\/2025\/04\/11-1000x643.png 1000w, https:\/\/noria-research.com\/africas\/wp-content\/uploads\/2025\/04\/11-500x321.png 500w, https:\/\/noria-research.com\/africas\/wp-content\/uploads\/2025\/04\/11-768x494.png 768w\" sizes=\"auto, (max-width: 1400px) 100vw, 1400px\" \/><\/a><\/figure>\n\n\n\n<figure class=\"wp-block-image\"><a href=\"https:\/\/noria-research.com\/africas\/fr\/seminaire-seance-n12-b-de-seissan\/\"><img loading=\"lazy\" decoding=\"async\" width=\"1400\" height=\"900\" data-id=\"32201\" src=\"http:\/\/noria-research.com\/africas\/wp-content\/uploads\/2025\/04\/12.png\" alt=\"\" class=\"wp-image-32201\" srcset=\"https:\/\/noria-research.com\/africas\/wp-content\/uploads\/2025\/04\/12.png 1400w, https:\/\/noria-research.com\/africas\/wp-content\/uploads\/2025\/04\/12-1000x643.png 1000w, https:\/\/noria-research.com\/africas\/wp-content\/uploads\/2025\/04\/12-500x321.png 500w, https:\/\/noria-research.com\/africas\/wp-content\/uploads\/2025\/04\/12-768x494.png 768w\" sizes=\"auto, (max-width: 1400px) 100vw, 1400px\" \/><\/a><\/figure>\n\n\n\n<figure class=\"wp-block-image\"><img loading=\"lazy\" decoding=\"async\" width=\"1400\" height=\"900\" data-id=\"32202\" src=\"http:\/\/noria-research.com\/africas\/wp-content\/uploads\/2025\/04\/13.png\" alt=\"\" class=\"wp-image-32202\" srcset=\"https:\/\/noria-research.com\/africas\/wp-content\/uploads\/2025\/04\/13.png 1400w, https:\/\/noria-research.com\/africas\/wp-content\/uploads\/2025\/04\/13-1000x643.png 1000w, https:\/\/noria-research.com\/africas\/wp-content\/uploads\/2025\/04\/13-500x321.png 500w, https:\/\/noria-research.com\/africas\/wp-content\/uploads\/2025\/04\/13-768x494.png 768w\" sizes=\"auto, (max-width: 1400px) 100vw, 1400px\" \/><\/figure>\n\n\n\n<figure class=\"wp-block-image\"><img loading=\"lazy\" decoding=\"async\" width=\"1400\" height=\"900\" data-id=\"32203\" src=\"http:\/\/noria-research.com\/africas\/wp-content\/uploads\/2025\/04\/14.png\" alt=\"\" class=\"wp-image-32203\" srcset=\"https:\/\/noria-research.com\/africas\/wp-content\/uploads\/2025\/04\/14.png 1400w, https:\/\/noria-research.com\/africas\/wp-content\/uploads\/2025\/04\/14-1000x643.png 1000w, https:\/\/noria-research.com\/africas\/wp-content\/uploads\/2025\/04\/14-500x321.png 500w, https:\/\/noria-research.com\/africas\/wp-content\/uploads\/2025\/04\/14-768x494.png 768w\" sizes=\"auto, (max-width: 1400px) 100vw, 1400px\" \/><\/figure>\n\n\n\n<figure class=\"wp-block-image\"><img loading=\"lazy\" decoding=\"async\" width=\"1400\" height=\"900\" data-id=\"32327\" src=\"http:\/\/noria-research.com\/africas\/wp-content\/uploads\/2025\/06\/15.png\" alt=\"\" class=\"wp-image-32327\" srcset=\"https:\/\/noria-research.com\/africas\/wp-content\/uploads\/2025\/06\/15.png 1400w, https:\/\/noria-research.com\/africas\/wp-content\/uploads\/2025\/06\/15-1000x643.png 1000w, https:\/\/noria-research.com\/africas\/wp-content\/uploads\/2025\/06\/15-500x321.png 500w, https:\/\/noria-research.com\/africas\/wp-content\/uploads\/2025\/06\/15-768x494.png 768w\" sizes=\"auto, (max-width: 1400px) 100vw, 1400px\" \/><\/figure>\n\n\n\n<figure class=\"wp-block-image\"><img loading=\"lazy\" decoding=\"async\" width=\"1400\" height=\"900\" data-id=\"32328\" src=\"http:\/\/noria-research.com\/africas\/wp-content\/uploads\/2025\/06\/16.png\" alt=\"\" class=\"wp-image-32328\" srcset=\"https:\/\/noria-research.com\/africas\/wp-content\/uploads\/2025\/06\/16.png 1400w, https:\/\/noria-research.com\/africas\/wp-content\/uploads\/2025\/06\/16-1000x643.png 1000w, https:\/\/noria-research.com\/africas\/wp-content\/uploads\/2025\/06\/16-500x321.png 500w, https:\/\/noria-research.com\/africas\/wp-content\/uploads\/2025\/06\/16-768x494.png 768w\" sizes=\"auto, (max-width: 1400px) 100vw, 1400px\" \/><\/figure>\n\n\n\n<figure class=\"wp-block-image size-full\"><img loading=\"lazy\" decoding=\"async\" width=\"1400\" height=\"900\" data-id=\"32348\" src=\"https:\/\/noria-research.com\/africas\/wp-content\/uploads\/2025\/07\/17.png\" alt=\"\" class=\"wp-image-32348\" srcset=\"https:\/\/noria-research.com\/africas\/wp-content\/uploads\/2025\/07\/17.png 1400w, https:\/\/noria-research.com\/africas\/wp-content\/uploads\/2025\/07\/17-1000x643.png 1000w, https:\/\/noria-research.com\/africas\/wp-content\/uploads\/2025\/07\/17-500x321.png 500w, https:\/\/noria-research.com\/africas\/wp-content\/uploads\/2025\/07\/17-768x494.png 768w\" sizes=\"auto, (max-width: 1400px) 100vw, 1400px\" \/><\/figure>\n\n\n\n<figure class=\"wp-block-image size-full\"><img loading=\"lazy\" decoding=\"async\" width=\"1400\" height=\"900\" data-id=\"32349\" src=\"https:\/\/noria-research.com\/africas\/wp-content\/uploads\/2025\/07\/18.png\" alt=\"\" class=\"wp-image-32349\" srcset=\"https:\/\/noria-research.com\/africas\/wp-content\/uploads\/2025\/07\/18.png 1400w, https:\/\/noria-research.com\/africas\/wp-content\/uploads\/2025\/07\/18-1000x643.png 1000w, https:\/\/noria-research.com\/africas\/wp-content\/uploads\/2025\/07\/18-500x321.png 500w, https:\/\/noria-research.com\/africas\/wp-content\/uploads\/2025\/07\/18-768x494.png 768w\" sizes=\"auto, (max-width: 1400px) 100vw, 1400px\" \/><\/figure>\n<\/figure>\n\n\n\n<p><\/p>\n","protected":false},"excerpt":{"rendered":"<p>Retrouvez l&#8217;appel \u00e0 communication 2025-2026 sur la page d\u00e9di\u00e9e. Retour sur les s\u00e9ances : (en cliquant sur l&#8217;image)<\/p>\n","protected":false},"author":453,"featured_media":0,"parent":0,"menu_order":0,"comment_status":"closed","ping_status":"closed","template":"","meta":{"footnotes":""},"podcast":[],"project":[],"class_list":["post-175","page","type-page","status-publish","hentry"],"yoast_head":"<!-- This site is optimized with the Yoast SEO plugin v26.0 - https:\/\/yoast.com\/wordpress\/plugins\/seo\/ -->\n<title>S\u00e9minaire 2024-2025 - Africas<\/title>\n<meta name=\"robots\" content=\"index, follow, max-snippet:-1, max-image-preview:large, max-video-preview:-1\" \/>\n<link rel=\"canonical\" href=\"https:\/\/noria-research.com\/africas\/fr\/seminaire-2024-2025\/\" \/>\n<meta property=\"og:locale\" content=\"en_US\" \/>\n<meta property=\"og:type\" content=\"article\" \/>\n<meta property=\"og:title\" content=\"S\u00e9minaire 2024-2025 - Africas\" \/>\n<meta property=\"og:description\" content=\"Retrouvez l&#8217;appel \u00e0 communication 2025-2026 sur la page d\u00e9di\u00e9e. Retour sur les s\u00e9ances : (en cliquant sur l&#8217;image)\" \/>\n<meta property=\"og:url\" content=\"https:\/\/noria-research.com\/africas\/fr\/seminaire-2024-2025\/\" \/>\n<meta property=\"og:site_name\" content=\"Africas\" \/>\n<meta property=\"article:modified_time\" content=\"2025-07-09T17:30:32+00:00\" \/>\n<meta property=\"og:image\" content=\"http:\/\/noria-research.com\/africas\/wp-content\/uploads\/2025\/04\/1.png\" \/>\n<meta name=\"twitter:card\" content=\"summary_large_image\" \/>\n<meta name=\"twitter:label1\" content=\"Est. reading time\" \/>\n\t<meta name=\"twitter:data1\" content=\"4 minutes\" \/>\n<script type=\"application\/ld+json\" class=\"yoast-schema-graph\">{\"@context\":\"https:\/\/schema.org\",\"@graph\":[{\"@type\":\"WebPage\",\"@id\":\"https:\/\/noria-research.com\/africas\/fr\/seminaire-2024-2025\/\",\"url\":\"https:\/\/noria-research.com\/africas\/fr\/seminaire-2024-2025\/\",\"name\":\"S\u00e9minaire 2024-2025 - Africas\",\"isPartOf\":{\"@id\":\"https:\/\/noria-research.com\/africas\/#website\"},\"primaryImageOfPage\":{\"@id\":\"https:\/\/noria-research.com\/africas\/fr\/seminaire-2024-2025\/#primaryimage\"},\"image\":{\"@id\":\"https:\/\/noria-research.com\/africas\/fr\/seminaire-2024-2025\/#primaryimage\"},\"thumbnailUrl\":\"http:\/\/noria-research.com\/africas\/wp-content\/uploads\/2025\/04\/1.png\",\"datePublished\":\"2025-02-18T21:32:57+00:00\",\"dateModified\":\"2025-07-09T17:30:32+00:00\",\"breadcrumb\":{\"@id\":\"https:\/\/noria-research.com\/africas\/fr\/seminaire-2024-2025\/#breadcrumb\"},\"inLanguage\":\"en-US\",\"potentialAction\":[{\"@type\":\"ReadAction\",\"target\":[\"https:\/\/noria-research.com\/africas\/fr\/seminaire-2024-2025\/\"]}]},{\"@type\":\"ImageObject\",\"inLanguage\":\"en-US\",\"@id\":\"https:\/\/noria-research.com\/africas\/fr\/seminaire-2024-2025\/#primaryimage\",\"url\":\"http:\/\/noria-research.com\/africas\/wp-content\/uploads\/2025\/04\/1.png\",\"contentUrl\":\"http:\/\/noria-research.com\/africas\/wp-content\/uploads\/2025\/04\/1.png\"},{\"@type\":\"BreadcrumbList\",\"@id\":\"https:\/\/noria-research.com\/africas\/fr\/seminaire-2024-2025\/#breadcrumb\",\"itemListElement\":[{\"@type\":\"ListItem\",\"position\":1,\"name\":\"Afriques\",\"item\":\"https:\/\/noria-research.com\/africas\/\"},{\"@type\":\"ListItem\",\"position\":2,\"name\":\"S\u00e9minaire 2024-2025\"}]},{\"@type\":\"WebSite\",\"@id\":\"https:\/\/noria-research.com\/africas\/#website\",\"url\":\"https:\/\/noria-research.com\/africas\/\",\"name\":\"Africas\",\"description\":\"\",\"publisher\":{\"@id\":\"https:\/\/noria-research.com\/africas\/#organization\"},\"potentialAction\":[{\"@type\":\"SearchAction\",\"target\":{\"@type\":\"EntryPoint\",\"urlTemplate\":\"https:\/\/noria-research.com\/africas\/?s={search_term_string}\"},\"query-input\":{\"@type\":\"PropertyValueSpecification\",\"valueRequired\":true,\"valueName\":\"search_term_string\"}}],\"inLanguage\":\"en-US\"},{\"@type\":\"Organization\",\"@id\":\"https:\/\/noria-research.com\/africas\/#organization\",\"name\":\"Africas\",\"url\":\"https:\/\/noria-research.com\/africas\/\",\"logo\":{\"@type\":\"ImageObject\",\"inLanguage\":\"en-US\",\"@id\":\"https:\/\/noria-research.com\/africas\/#\/schema\/logo\/image\/\",\"url\":\"https:\/\/noria-research.com\/africas\/wp-content\/uploads\/2024\/06\/Logo-Noria-Africas-Blanc.svg\",\"contentUrl\":\"https:\/\/noria-research.com\/africas\/wp-content\/uploads\/2024\/06\/Logo-Noria-Africas-Blanc.svg\",\"caption\":\"Africas\"},\"image\":{\"@id\":\"https:\/\/noria-research.com\/africas\/#\/schema\/logo\/image\/\"}}]}<\/script>\n<!-- \/ Yoast SEO plugin. -->","yoast_head_json":{"title":"S\u00e9minaire 2024-2025 - Africas","robots":{"index":"index","follow":"follow","max-snippet":"max-snippet:-1","max-image-preview":"max-image-preview:large","max-video-preview":"max-video-preview:-1"},"canonical":"https:\/\/noria-research.com\/africas\/fr\/seminaire-2024-2025\/","og_locale":"en_US","og_type":"article","og_title":"S\u00e9minaire 2024-2025 - Africas","og_description":"Retrouvez l&#8217;appel \u00e0 communication 2025-2026 sur la page d\u00e9di\u00e9e. Retour sur les s\u00e9ances : (en cliquant sur l&#8217;image)","og_url":"https:\/\/noria-research.com\/africas\/fr\/seminaire-2024-2025\/","og_site_name":"Africas","article_modified_time":"2025-07-09T17:30:32+00:00","og_image":[{"url":"http:\/\/noria-research.com\/africas\/wp-content\/uploads\/2025\/04\/1.png","type":"","width":"","height":""}],"twitter_card":"summary_large_image","twitter_misc":{"Est. reading time":"4 minutes"},"schema":{"@context":"https:\/\/schema.org","@graph":[{"@type":"WebPage","@id":"https:\/\/noria-research.com\/africas\/fr\/seminaire-2024-2025\/","url":"https:\/\/noria-research.com\/africas\/fr\/seminaire-2024-2025\/","name":"S\u00e9minaire 2024-2025 - Africas","isPartOf":{"@id":"https:\/\/noria-research.com\/africas\/#website"},"primaryImageOfPage":{"@id":"https:\/\/noria-research.com\/africas\/fr\/seminaire-2024-2025\/#primaryimage"},"image":{"@id":"https:\/\/noria-research.com\/africas\/fr\/seminaire-2024-2025\/#primaryimage"},"thumbnailUrl":"http:\/\/noria-research.com\/africas\/wp-content\/uploads\/2025\/04\/1.png","datePublished":"2025-02-18T21:32:57+00:00","dateModified":"2025-07-09T17:30:32+00:00","breadcrumb":{"@id":"https:\/\/noria-research.com\/africas\/fr\/seminaire-2024-2025\/#breadcrumb"},"inLanguage":"en-US","potentialAction":[{"@type":"ReadAction","target":["https:\/\/noria-research.com\/africas\/fr\/seminaire-2024-2025\/"]}]},{"@type":"ImageObject","inLanguage":"en-US","@id":"https:\/\/noria-research.com\/africas\/fr\/seminaire-2024-2025\/#primaryimage","url":"http:\/\/noria-research.com\/africas\/wp-content\/uploads\/2025\/04\/1.png","contentUrl":"http:\/\/noria-research.com\/africas\/wp-content\/uploads\/2025\/04\/1.png"},{"@type":"BreadcrumbList","@id":"https:\/\/noria-research.com\/africas\/fr\/seminaire-2024-2025\/#breadcrumb","itemListElement":[{"@type":"ListItem","position":1,"name":"Afriques","item":"https:\/\/noria-research.com\/africas\/"},{"@type":"ListItem","position":2,"name":"S\u00e9minaire 2024-2025"}]},{"@type":"WebSite","@id":"https:\/\/noria-research.com\/africas\/#website","url":"https:\/\/noria-research.com\/africas\/","name":"Africas","description":"","publisher":{"@id":"https:\/\/noria-research.com\/africas\/#organization"},"potentialAction":[{"@type":"SearchAction","target":{"@type":"EntryPoint","urlTemplate":"https:\/\/noria-research.com\/africas\/?s={search_term_string}"},"query-input":{"@type":"PropertyValueSpecification","valueRequired":true,"valueName":"search_term_string"}}],"inLanguage":"en-US"},{"@type":"Organization","@id":"https:\/\/noria-research.com\/africas\/#organization","name":"Africas","url":"https:\/\/noria-research.com\/africas\/","logo":{"@type":"ImageObject","inLanguage":"en-US","@id":"https:\/\/noria-research.com\/africas\/#\/schema\/logo\/image\/","url":"https:\/\/noria-research.com\/africas\/wp-content\/uploads\/2024\/06\/Logo-Noria-Africas-Blanc.svg","contentUrl":"https:\/\/noria-research.com\/africas\/wp-content\/uploads\/2024\/06\/Logo-Noria-Africas-Blanc.svg","caption":"Africas"},"image":{"@id":"https:\/\/noria-research.com\/africas\/#\/schema\/logo\/image\/"}}]}},"_links":{"self":[{"href":"https:\/\/noria-research.com\/africas\/wp-json\/wp\/v2\/pages\/175","targetHints":{"allow":["GET"]}}],"collection":[{"href":"https:\/\/noria-research.com\/africas\/wp-json\/wp\/v2\/pages"}],"about":[{"href":"https:\/\/noria-research.com\/africas\/wp-json\/wp\/v2\/types\/page"}],"author":[{"embeddable":true,"href":"https:\/\/noria-research.com\/africas\/wp-json\/wp\/v2\/users\/453"}],"replies":[{"embeddable":true,"href":"https:\/\/noria-research.com\/africas\/wp-json\/wp\/v2\/comments?post=175"}],"version-history":[{"count":38,"href":"https:\/\/noria-research.com\/africas\/wp-json\/wp\/v2\/pages\/175\/revisions"}],"predecessor-version":[{"id":517,"href":"https:\/\/noria-research.com\/africas\/wp-json\/wp\/v2\/pages\/175\/revisions\/517"}],"wp:attachment":[{"href":"https:\/\/noria-research.com\/africas\/wp-json\/wp\/v2\/media?parent=175"}],"wp:term":[{"taxonomy":"podcast","embeddable":true,"href":"https:\/\/noria-research.com\/africas\/wp-json\/wp\/v2\/podcast?post=175"},{"taxonomy":"project","embeddable":true,"href":"https:\/\/noria-research.com\/africas\/wp-json\/wp\/v2\/project?post=175"}],"curies":[{"name":"wp","href":"https:\/\/api.w.org\/{rel}","templated":true}]}}