{"id":169,"date":"2025-02-17T23:56:41","date_gmt":"2025-02-17T22:56:41","guid":{"rendered":"https:\/\/noria-research.com\/africas\/?page_id=169"},"modified":"2025-12-02T14:14:35","modified_gmt":"2025-12-02T13:14:35","slug":"lequipe-du-programme-afriques","status":"publish","type":"page","link":"https:\/\/noria-research.com\/africas\/fr\/a-propos-du-programme-afriques\/lequipe-du-programme-afriques\/","title":{"rendered":"L&#8217;\u00e9quipe du programme Afriques"},"content":{"rendered":"\n<h2 class=\"wp-block-heading\">Notre histoire<\/h2>\n\n\n\n<p>Le programme Afriques est n\u00e9 de discussions entre des jeunes chercheur\u00b7ses au carrefour de trois disciplines (anthropologie, histoire, sociologie) souhaitant favoriser la recherche interdisciplinaire sur les Afriques et faisant face, en France notamment, \u00e0 un triple constat. D\u2019abord, l\u2019enfermement des travaux portant sur le continent dans des \u00e9coles, sph\u00e8res, d\u00e9partements, formations \u201cafricanistes\u201d \u2013 au contraire d\u2019autres aires, plus facilement int\u00e9gr\u00e9es dans des approches globales. Ensuite, le manque de valorisation et d\u2019acc\u00e8s \u00e0 la recherche issue du continent. Enfin, le manque d\u2019espaces permettant d\u2019\u00e9changer et d\u2019innover autour d\u2019approches communes et co-construites, notamment pour les jeunes chercheur\u00b7ses.<\/p>\n\n\n\n<div style=\"height:22px\" aria-hidden=\"true\" class=\"wp-block-spacer\"><\/div>\n\n\n\n<h2 class=\"wp-block-heading\">Notre \u00e9quipe<\/h2>\n\n\n\n<div class=\"wp-block-columns is-style-team-list is-layout-flex wp-container-core-columns-is-layout-9d6595d7 wp-block-columns-is-layout-flex\">\n<div class=\"wp-block-column is-layout-flow wp-block-column-is-layout-flow\" style=\"flex-basis:220px\">\n<figure class=\"wp-block-image size-full\"><img loading=\"lazy\" decoding=\"async\" width=\"1080\" height=\"1080\" src=\"http:\/\/noria-research.com\/africas\/wp-content\/uploads\/2025\/02\/image.png\" alt=\"\" class=\"wp-image-32005\" srcset=\"https:\/\/noria-research.com\/africas\/wp-content\/uploads\/2025\/02\/image.png 1080w, https:\/\/noria-research.com\/africas\/wp-content\/uploads\/2025\/02\/image-1000x1000.png 1000w, https:\/\/noria-research.com\/africas\/wp-content\/uploads\/2025\/02\/image-500x500.png 500w, https:\/\/noria-research.com\/africas\/wp-content\/uploads\/2025\/02\/image-768x768.png 768w\" sizes=\"auto, (max-width: 1080px) 100vw, 1080px\" \/><\/figure>\n\n\n\n<div class=\"wp-block-group has-beige-background-color has-background is-vertical is-layout-flex wp-container-core-group-is-layout-8cf370e7 wp-block-group-is-layout-flex\">\n<h3 class=\"wp-block-heading has-text-align-left has-black-color has-text-color has-link-color wp-elements-947692b4fe076e71ab6831ff7ae22426\" style=\"text-decoration:none\"><a href=\"https:\/\/noria-research.com\/fr\/author\/pcherbonnier\/\">Pauline Cherbonnier<\/a><\/h3>\n\n\n\n<hr class=\"wp-block-separator has-alpha-channel-opacity is-style-default\"\/>\n\n\n\n<p><\/p>\n<\/div>\n<\/div>\n\n\n\n<div class=\"wp-block-column is-layout-flow wp-block-column-is-layout-flow\" style=\"flex-basis:220px\">\n<figure class=\"wp-block-image size-full\"><img loading=\"lazy\" decoding=\"async\" width=\"1080\" height=\"1080\" src=\"http:\/\/noria-research.com\/africas\/wp-content\/uploads\/2024\/06\/White-and-Pink-Minimalist-Skincare-Products-Photos-Instagram-Post-13.png\" alt=\"\" class=\"wp-image-31559\" srcset=\"https:\/\/noria-research.com\/africas\/wp-content\/uploads\/2024\/06\/White-and-Pink-Minimalist-Skincare-Products-Photos-Instagram-Post-13.png 1080w, https:\/\/noria-research.com\/africas\/wp-content\/uploads\/2024\/06\/White-and-Pink-Minimalist-Skincare-Products-Photos-Instagram-Post-13-1000x1000.png 1000w, https:\/\/noria-research.com\/africas\/wp-content\/uploads\/2024\/06\/White-and-Pink-Minimalist-Skincare-Products-Photos-Instagram-Post-13-500x500.png 500w, https:\/\/noria-research.com\/africas\/wp-content\/uploads\/2024\/06\/White-and-Pink-Minimalist-Skincare-Products-Photos-Instagram-Post-13-768x768.png 768w\" sizes=\"auto, (max-width: 1080px) 100vw, 1080px\" \/><\/figure>\n\n\n\n<div class=\"wp-block-group has-beige-background-color has-background is-vertical is-layout-flex wp-container-core-group-is-layout-8cf370e7 wp-block-group-is-layout-flex\">\n<h3 class=\"wp-block-heading has-text-align-left has-black-color has-text-color has-link-color wp-elements-32e0d4d0366e1ffb686dfc79d9393ed5\" style=\"text-decoration:none\"><a href=\"https:\/\/noria-research.com\/fr\/author\/bmollo\/\">Brice Molo<\/a><\/h3>\n\n\n\n<hr class=\"wp-block-separator has-alpha-channel-opacity is-style-default\"\/>\n\n\n\n<p><\/p>\n<\/div>\n<\/div>\n\n\n\n<div class=\"wp-block-column is-layout-flow wp-block-column-is-layout-flow\" style=\"flex-basis:220px\">\n<figure class=\"wp-block-image size-full\"><img loading=\"lazy\" decoding=\"async\" width=\"1080\" height=\"1080\" src=\"http:\/\/noria-research.com\/africas\/wp-content\/uploads\/2024\/04\/White-and-Pink-Minimalist-Skincare-Products-Photos-Instagram-Post-11.png\" alt=\"\" class=\"wp-image-31514\" srcset=\"https:\/\/noria-research.com\/africas\/wp-content\/uploads\/2024\/04\/White-and-Pink-Minimalist-Skincare-Products-Photos-Instagram-Post-11.png 1080w, https:\/\/noria-research.com\/africas\/wp-content\/uploads\/2024\/04\/White-and-Pink-Minimalist-Skincare-Products-Photos-Instagram-Post-11-1000x1000.png 1000w, https:\/\/noria-research.com\/africas\/wp-content\/uploads\/2024\/04\/White-and-Pink-Minimalist-Skincare-Products-Photos-Instagram-Post-11-500x500.png 500w, https:\/\/noria-research.com\/africas\/wp-content\/uploads\/2024\/04\/White-and-Pink-Minimalist-Skincare-Products-Photos-Instagram-Post-11-768x768.png 768w\" sizes=\"auto, (max-width: 1080px) 100vw, 1080px\" \/><\/figure>\n\n\n\n<div class=\"wp-block-group has-beige-background-color has-background is-vertical is-layout-flex wp-container-core-group-is-layout-8cf370e7 wp-block-group-is-layout-flex\">\n<h3 class=\"wp-block-heading has-text-align-left has-black-color has-text-color has-link-color wp-elements-501925c6cf9c90643f9fae86c0cb6b9a\" style=\"text-decoration:none\"><a href=\"https:\/\/noria-research.com\/fr\/author\/claire-lefort\/\">Claire Lefort-Rieu<\/a><\/h3>\n\n\n\n<hr class=\"wp-block-separator has-alpha-channel-opacity is-style-default\"\/>\n\n\n\n<p><\/p>\n<\/div>\n<\/div>\n<\/div>\n\n\n\n<div style=\"height:22px\" aria-hidden=\"true\" class=\"wp-block-spacer\"><\/div>\n\n\n\n<h2 class=\"wp-block-heading\">Nos <em>fellows<\/em><\/h2>\n\n\n\n<p>Les <em>fellows <\/em>du programme Afriques sont de jeunes chercheur.ses ayant d\u00e9j\u00e0 particip\u00e9 activement aux activit\u00e9s du programme. S\u00e9lectionn\u00e9s avant tout pour leur motivation, leur pratique active de la recherche de terrain et leur envie de s\u2019impliquer pleinement dans les activit\u00e9s de recherche du programme, ils contribuent aux travaux et r\u00e9flexions des diff\u00e9rents <a href=\"https:\/\/noria-research.com\/africas\/fr\/a-propos-du-programme-afriques\/\">axes structurant<\/a> le programme Afriques.<\/p>\n\n\n\n<div class=\"wp-block-columns is-style-team-list is-layout-flex wp-container-core-columns-is-layout-9d6595d7 wp-block-columns-is-layout-flex\">\n<div class=\"wp-block-column is-layout-flow wp-block-column-is-layout-flow\" style=\"flex-basis:220px\">\n<figure class=\"wp-block-image size-full\"><img loading=\"lazy\" decoding=\"async\" width=\"1080\" height=\"1080\" src=\"http:\/\/noria-research.com\/africas\/wp-content\/uploads\/2025\/05\/BIOGRAPHIES-SITE11.png\" alt=\"\" class=\"wp-image-32295\" srcset=\"https:\/\/noria-research.com\/africas\/wp-content\/uploads\/2025\/05\/BIOGRAPHIES-SITE11.png 1080w, https:\/\/noria-research.com\/africas\/wp-content\/uploads\/2025\/05\/BIOGRAPHIES-SITE11-1000x1000.png 1000w, https:\/\/noria-research.com\/africas\/wp-content\/uploads\/2025\/05\/BIOGRAPHIES-SITE11-500x500.png 500w, https:\/\/noria-research.com\/africas\/wp-content\/uploads\/2025\/05\/BIOGRAPHIES-SITE11-768x768.png 768w\" sizes=\"auto, (max-width: 1080px) 100vw, 1080px\" \/><\/figure>\n\n\n\n<div class=\"wp-block-group has-beige-background-color has-background is-vertical is-layout-flex wp-container-core-group-is-layout-8cf370e7 wp-block-group-is-layout-flex\">\n<h3 class=\"wp-block-heading has-text-align-left has-black-color has-text-color has-link-color wp-elements-dff0a3d6da9bd38d334314bebd5fc539\" style=\"text-decoration:none\"><a href=\"https:\/\/noria-research.com\/fr\/author\/dcisse\/\">Diana Ciss\u00e9<\/a><\/h3>\n\n\n\n<hr class=\"wp-block-separator has-alpha-channel-opacity is-style-default\"\/>\n\n\n\n<p><\/p>\n<\/div>\n<\/div>\n\n\n\n<div class=\"wp-block-column is-layout-flow wp-block-column-is-layout-flow\" style=\"flex-basis:220px\">\n<figure class=\"wp-block-image size-full\"><img loading=\"lazy\" decoding=\"async\" width=\"1080\" height=\"1080\" src=\"http:\/\/noria-research.com\/africas\/wp-content\/uploads\/2025\/05\/BIOGRAPHIES-SITE10.png\" alt=\"\" class=\"wp-image-32294\" srcset=\"https:\/\/noria-research.com\/africas\/wp-content\/uploads\/2025\/05\/BIOGRAPHIES-SITE10.png 1080w, https:\/\/noria-research.com\/africas\/wp-content\/uploads\/2025\/05\/BIOGRAPHIES-SITE10-1000x1000.png 1000w, https:\/\/noria-research.com\/africas\/wp-content\/uploads\/2025\/05\/BIOGRAPHIES-SITE10-500x500.png 500w, https:\/\/noria-research.com\/africas\/wp-content\/uploads\/2025\/05\/BIOGRAPHIES-SITE10-768x768.png 768w\" sizes=\"auto, (max-width: 1080px) 100vw, 1080px\" \/><\/figure>\n\n\n\n<div class=\"wp-block-group has-beige-background-color has-background is-vertical is-layout-flex wp-container-core-group-is-layout-8cf370e7 wp-block-group-is-layout-flex\">\n<h3 class=\"wp-block-heading has-text-align-left has-black-color has-text-color has-link-color wp-elements-ab049a0381898b6d4ada0d15738c27d9\" style=\"text-decoration:none\"><a href=\"https:\/\/noria-research.com\/fr\/author\/fngodji\/\">Fulbert Ngodji<\/a><\/h3>\n\n\n\n<hr class=\"wp-block-separator has-alpha-channel-opacity is-style-default\"\/>\n\n\n\n<p><\/p>\n<\/div>\n<\/div>\n\n\n\n<div class=\"wp-block-column is-layout-flow wp-block-column-is-layout-flow\" style=\"flex-basis:220px\"><div class=\"wp-block-avatar\"><img loading=\"lazy\" decoding=\"async\" src=\"https:\/\/secure.gravatar.com\/avatar\/19b30d16939d2f085740a1894bbd51f4bc8df883ccd9b0463272476bfa3ad51e?s=219&#038;d=mm&#038;r=g\" width=\"219\" height=\"219\" alt=\"Programme Afriques Avatar\" class=\"avatar avatar-219 wp-user-avatar wp-user-avatar-219 photo avatar-default\" \/><\/div>\n\n\n<div class=\"wp-block-group has-beige-background-color has-background is-vertical is-layout-flex wp-container-core-group-is-layout-8cf370e7 wp-block-group-is-layout-flex\">\n<h3 class=\"wp-block-heading has-text-align-left has-black-color has-text-color has-link-color wp-elements-d7adb21d715c0da9507febf905e1414b\" style=\"text-decoration:none\"> <a href=\"http:\/\/kj\">Paul-Crescent Beninga<\/a> <\/h3>\n\n\n\n<hr class=\"wp-block-separator has-alpha-channel-opacity is-style-default\"\/>\n\n\n\n<p><\/p>\n<\/div>\n<\/div>\n<\/div>\n\n\n\n<div style=\"height:22px\" aria-hidden=\"true\" class=\"wp-block-spacer\"><\/div>\n\n\n\n<h2 class=\"wp-block-heading\">Nous rejoindre<\/h2>\n\n\n\n<p>Le programme Afriques s\u2019ancre dans l\u2019ambition de Noria Research de produire, soutenir et diffuser une recherche ind\u00e9pendante en sciences humaines et sociales, qui s\u2019appuie sur une solide exp\u00e9rience de terrain. Vous partagez ces objectifs et souhaitez nous rejoindre ? Votre recherche s\u2019inscrit dans l\u2019un (ou plusieurs) de nos axes ? N\u2019h\u00e9sitez pas \u00e0 suivre nos activit\u00e9s, assister au <a href=\"https:\/\/noria-research.com\/africas\/fr\/project\/seminaire-de-recherche\/\">s\u00e9minaire de recherche<\/a> (en pr\u00e9sentiel ou via zoom),&nbsp;nous faire des propositions de communications<strong> <\/strong>voire de <a href=\"https:\/\/noria-research.com\/fr\/publications\/recommandations\/\">publications<\/a> \u00e0 l\u2019adresse suivante : <a href=\"mailto:afriques@noria-research.com\">afriques@noria-research.com<\/a><\/p>\n\n\n\n<div style=\"height:61px\" aria-hidden=\"true\" class=\"wp-block-spacer\"><\/div>\n","protected":false},"excerpt":{"rendered":"<p>Notre histoire Le programme Afriques est n\u00e9 de discussions entre des jeunes chercheur\u00b7ses au carrefour de trois disciplines (anthropologie, histoire, sociologie) souhaitant favoriser la recherche interdisciplinaire sur les Afriques et faisant face, en France notamment, \u00e0 un triple constat. D\u2019abord, l\u2019enfermement des travaux portant sur le continent dans des \u00e9coles, sph\u00e8res, d\u00e9partements, formations \u201cafricanistes\u201d \u2013 [&hellip;]<\/p>\n","protected":false},"author":453,"featured_media":31560,"parent":23,"menu_order":0,"comment_status":"closed","ping_status":"closed","template":"page-with-sidebar","meta":{"footnotes":""},"podcast":[],"project":[],"class_list":["post-169","page","type-page","status-publish","has-post-thumbnail","hentry"],"yoast_head":"<!-- This site is optimized with the Yoast SEO plugin v26.0 - https:\/\/yoast.com\/wordpress\/plugins\/seo\/ -->\n<title>L&#039;\u00e9quipe du programme Afriques - Africas<\/title>\n<meta name=\"description\" content=\"Le programme Afriques est n\u00e9 de discussions entre des jeunes chercheur\u00b7ses au carrefour de trois disciplines (anthropologie, histoire, sociologie) souhaitant favoriser la recherche interdisciplinaire sur les Afriques\" \/>\n<meta name=\"robots\" content=\"index, follow, max-snippet:-1, max-image-preview:large, max-video-preview:-1\" \/>\n<link rel=\"canonical\" href=\"https:\/\/noria-research.com\/africas\/fr\/a-propos-du-programme-afriques\/lequipe-du-programme-afriques\/\" \/>\n<meta property=\"og:locale\" content=\"en_US\" \/>\n<meta property=\"og:type\" content=\"article\" \/>\n<meta property=\"og:title\" content=\"L&#039;\u00e9quipe du programme Afriques - Africas\" \/>\n<meta property=\"og:description\" content=\"Le programme Afriques est n\u00e9 de discussions entre des jeunes chercheur\u00b7ses au carrefour de trois disciplines (anthropologie, histoire, sociologie) souhaitant favoriser la recherche interdisciplinaire sur les Afriques\" \/>\n<meta property=\"og:url\" content=\"https:\/\/noria-research.com\/africas\/fr\/a-propos-du-programme-afriques\/lequipe-du-programme-afriques\/\" \/>\n<meta property=\"og:site_name\" content=\"Africas\" \/>\n<meta property=\"article:modified_time\" content=\"2025-12-02T13:14:35+00:00\" \/>\n<meta property=\"og:image\" content=\"https:\/\/noria-research.com\/africas\/wp-content\/uploads\/2024\/06\/africa-306464_1280.png\" \/>\n<meta name=\"twitter:card\" content=\"summary_large_image\" \/>\n<meta name=\"twitter:label1\" content=\"Est. reading time\" \/>\n\t<meta name=\"twitter:data1\" content=\"3 minutes\" \/>\n<script type=\"application\/ld+json\" class=\"yoast-schema-graph\">{\"@context\":\"https:\/\/schema.org\",\"@graph\":[{\"@type\":\"WebPage\",\"@id\":\"https:\/\/noria-research.com\/africas\/fr\/a-propos-du-programme-afriques\/lequipe-du-programme-afriques\/\",\"url\":\"https:\/\/noria-research.com\/africas\/fr\/a-propos-du-programme-afriques\/lequipe-du-programme-afriques\/\",\"name\":\"L'\u00e9quipe du programme Afriques - Africas\",\"isPartOf\":{\"@id\":\"https:\/\/noria-research.com\/africas\/#website\"},\"primaryImageOfPage\":{\"@id\":\"https:\/\/noria-research.com\/africas\/fr\/a-propos-du-programme-afriques\/lequipe-du-programme-afriques\/#primaryimage\"},\"image\":{\"@id\":\"https:\/\/noria-research.com\/africas\/fr\/a-propos-du-programme-afriques\/lequipe-du-programme-afriques\/#primaryimage\"},\"thumbnailUrl\":\"https:\/\/noria-research.com\/africas\/wp-content\/uploads\/2024\/06\/africa-306464_1280.png\",\"datePublished\":\"2025-02-17T22:56:41+00:00\",\"dateModified\":\"2025-12-02T13:14:35+00:00\",\"description\":\"Le programme Afriques est n\u00e9 de discussions entre des jeunes chercheur\u00b7ses au carrefour de trois disciplines (anthropologie, histoire, sociologie) souhaitant favoriser la recherche interdisciplinaire sur les Afriques\",\"breadcrumb\":{\"@id\":\"https:\/\/noria-research.com\/africas\/fr\/a-propos-du-programme-afriques\/lequipe-du-programme-afriques\/#breadcrumb\"},\"inLanguage\":\"en-US\",\"potentialAction\":[{\"@type\":\"ReadAction\",\"target\":[\"https:\/\/noria-research.com\/africas\/fr\/a-propos-du-programme-afriques\/lequipe-du-programme-afriques\/\"]}]},{\"@type\":\"ImageObject\",\"inLanguage\":\"en-US\",\"@id\":\"https:\/\/noria-research.com\/africas\/fr\/a-propos-du-programme-afriques\/lequipe-du-programme-afriques\/#primaryimage\",\"url\":\"https:\/\/noria-research.com\/africas\/wp-content\/uploads\/2024\/06\/africa-306464_1280.png\",\"contentUrl\":\"https:\/\/noria-research.com\/africas\/wp-content\/uploads\/2024\/06\/africa-306464_1280.png\"},{\"@type\":\"BreadcrumbList\",\"@id\":\"https:\/\/noria-research.com\/africas\/fr\/a-propos-du-programme-afriques\/lequipe-du-programme-afriques\/#breadcrumb\",\"itemListElement\":[{\"@type\":\"ListItem\",\"position\":1,\"name\":\"Afriques\",\"item\":\"https:\/\/noria-research.com\/africas\/\"},{\"@type\":\"ListItem\",\"position\":2,\"name\":\"\u00c0 propos du programme Afriques\",\"item\":\"https:\/\/noria-research.com\/africas\/fr\/a-propos-du-programme-afriques\/\"},{\"@type\":\"ListItem\",\"position\":3,\"name\":\"L&rsquo;\u00e9quipe du programme Afriques\"}]},{\"@type\":\"WebSite\",\"@id\":\"https:\/\/noria-research.com\/africas\/#website\",\"url\":\"https:\/\/noria-research.com\/africas\/\",\"name\":\"Africas\",\"description\":\"\",\"publisher\":{\"@id\":\"https:\/\/noria-research.com\/africas\/#organization\"},\"potentialAction\":[{\"@type\":\"SearchAction\",\"target\":{\"@type\":\"EntryPoint\",\"urlTemplate\":\"https:\/\/noria-research.com\/africas\/?s={search_term_string}\"},\"query-input\":{\"@type\":\"PropertyValueSpecification\",\"valueRequired\":true,\"valueName\":\"search_term_string\"}}],\"inLanguage\":\"en-US\"},{\"@type\":\"Organization\",\"@id\":\"https:\/\/noria-research.com\/africas\/#organization\",\"name\":\"Africas\",\"url\":\"https:\/\/noria-research.com\/africas\/\",\"logo\":{\"@type\":\"ImageObject\",\"inLanguage\":\"en-US\",\"@id\":\"https:\/\/noria-research.com\/africas\/#\/schema\/logo\/image\/\",\"url\":\"https:\/\/noria-research.com\/africas\/wp-content\/uploads\/2024\/06\/Logo-Noria-Africas-Blanc.svg\",\"contentUrl\":\"https:\/\/noria-research.com\/africas\/wp-content\/uploads\/2024\/06\/Logo-Noria-Africas-Blanc.svg\",\"caption\":\"Africas\"},\"image\":{\"@id\":\"https:\/\/noria-research.com\/africas\/#\/schema\/logo\/image\/\"}}]}<\/script>\n<!-- \/ Yoast SEO plugin. -->","yoast_head_json":{"title":"L'\u00e9quipe du programme Afriques - Africas","description":"Le programme Afriques est n\u00e9 de discussions entre des jeunes chercheur\u00b7ses au carrefour de trois disciplines (anthropologie, histoire, sociologie) souhaitant favoriser la recherche interdisciplinaire sur les Afriques","robots":{"index":"index","follow":"follow","max-snippet":"max-snippet:-1","max-image-preview":"max-image-preview:large","max-video-preview":"max-video-preview:-1"},"canonical":"https:\/\/noria-research.com\/africas\/fr\/a-propos-du-programme-afriques\/lequipe-du-programme-afriques\/","og_locale":"en_US","og_type":"article","og_title":"L'\u00e9quipe du programme Afriques - Africas","og_description":"Le programme Afriques est n\u00e9 de discussions entre des jeunes chercheur\u00b7ses au carrefour de trois disciplines (anthropologie, histoire, sociologie) souhaitant favoriser la recherche interdisciplinaire sur les Afriques","og_url":"https:\/\/noria-research.com\/africas\/fr\/a-propos-du-programme-afriques\/lequipe-du-programme-afriques\/","og_site_name":"Africas","article_modified_time":"2025-12-02T13:14:35+00:00","og_image":[{"url":"https:\/\/noria-research.com\/africas\/wp-content\/uploads\/2024\/06\/africa-306464_1280.png","type":"","width":"","height":""}],"twitter_card":"summary_large_image","twitter_misc":{"Est. reading time":"3 minutes"},"schema":{"@context":"https:\/\/schema.org","@graph":[{"@type":"WebPage","@id":"https:\/\/noria-research.com\/africas\/fr\/a-propos-du-programme-afriques\/lequipe-du-programme-afriques\/","url":"https:\/\/noria-research.com\/africas\/fr\/a-propos-du-programme-afriques\/lequipe-du-programme-afriques\/","name":"L'\u00e9quipe du programme Afriques - Africas","isPartOf":{"@id":"https:\/\/noria-research.com\/africas\/#website"},"primaryImageOfPage":{"@id":"https:\/\/noria-research.com\/africas\/fr\/a-propos-du-programme-afriques\/lequipe-du-programme-afriques\/#primaryimage"},"image":{"@id":"https:\/\/noria-research.com\/africas\/fr\/a-propos-du-programme-afriques\/lequipe-du-programme-afriques\/#primaryimage"},"thumbnailUrl":"https:\/\/noria-research.com\/africas\/wp-content\/uploads\/2024\/06\/africa-306464_1280.png","datePublished":"2025-02-17T22:56:41+00:00","dateModified":"2025-12-02T13:14:35+00:00","description":"Le programme Afriques est n\u00e9 de discussions entre des jeunes chercheur\u00b7ses au carrefour de trois disciplines (anthropologie, histoire, sociologie) souhaitant favoriser la recherche interdisciplinaire sur les Afriques","breadcrumb":{"@id":"https:\/\/noria-research.com\/africas\/fr\/a-propos-du-programme-afriques\/lequipe-du-programme-afriques\/#breadcrumb"},"inLanguage":"en-US","potentialAction":[{"@type":"ReadAction","target":["https:\/\/noria-research.com\/africas\/fr\/a-propos-du-programme-afriques\/lequipe-du-programme-afriques\/"]}]},{"@type":"ImageObject","inLanguage":"en-US","@id":"https:\/\/noria-research.com\/africas\/fr\/a-propos-du-programme-afriques\/lequipe-du-programme-afriques\/#primaryimage","url":"https:\/\/noria-research.com\/africas\/wp-content\/uploads\/2024\/06\/africa-306464_1280.png","contentUrl":"https:\/\/noria-research.com\/africas\/wp-content\/uploads\/2024\/06\/africa-306464_1280.png"},{"@type":"BreadcrumbList","@id":"https:\/\/noria-research.com\/africas\/fr\/a-propos-du-programme-afriques\/lequipe-du-programme-afriques\/#breadcrumb","itemListElement":[{"@type":"ListItem","position":1,"name":"Afriques","item":"https:\/\/noria-research.com\/africas\/"},{"@type":"ListItem","position":2,"name":"\u00c0 propos du programme Afriques","item":"https:\/\/noria-research.com\/africas\/fr\/a-propos-du-programme-afriques\/"},{"@type":"ListItem","position":3,"name":"L&rsquo;\u00e9quipe du programme Afriques"}]},{"@type":"WebSite","@id":"https:\/\/noria-research.com\/africas\/#website","url":"https:\/\/noria-research.com\/africas\/","name":"Africas","description":"","publisher":{"@id":"https:\/\/noria-research.com\/africas\/#organization"},"potentialAction":[{"@type":"SearchAction","target":{"@type":"EntryPoint","urlTemplate":"https:\/\/noria-research.com\/africas\/?s={search_term_string}"},"query-input":{"@type":"PropertyValueSpecification","valueRequired":true,"valueName":"search_term_string"}}],"inLanguage":"en-US"},{"@type":"Organization","@id":"https:\/\/noria-research.com\/africas\/#organization","name":"Africas","url":"https:\/\/noria-research.com\/africas\/","logo":{"@type":"ImageObject","inLanguage":"en-US","@id":"https:\/\/noria-research.com\/africas\/#\/schema\/logo\/image\/","url":"https:\/\/noria-research.com\/africas\/wp-content\/uploads\/2024\/06\/Logo-Noria-Africas-Blanc.svg","contentUrl":"https:\/\/noria-research.com\/africas\/wp-content\/uploads\/2024\/06\/Logo-Noria-Africas-Blanc.svg","caption":"Africas"},"image":{"@id":"https:\/\/noria-research.com\/africas\/#\/schema\/logo\/image\/"}}]}},"_links":{"self":[{"href":"https:\/\/noria-research.com\/africas\/wp-json\/wp\/v2\/pages\/169","targetHints":{"allow":["GET"]}}],"collection":[{"href":"https:\/\/noria-research.com\/africas\/wp-json\/wp\/v2\/pages"}],"about":[{"href":"https:\/\/noria-research.com\/africas\/wp-json\/wp\/v2\/types\/page"}],"author":[{"embeddable":true,"href":"https:\/\/noria-research.com\/africas\/wp-json\/wp\/v2\/users\/453"}],"replies":[{"embeddable":true,"href":"https:\/\/noria-research.com\/africas\/wp-json\/wp\/v2\/comments?post=169"}],"version-history":[{"count":16,"href":"https:\/\/noria-research.com\/africas\/wp-json\/wp\/v2\/pages\/169\/revisions"}],"predecessor-version":[{"id":540,"href":"https:\/\/noria-research.com\/africas\/wp-json\/wp\/v2\/pages\/169\/revisions\/540"}],"up":[{"embeddable":true,"href":"https:\/\/noria-research.com\/africas\/wp-json\/wp\/v2\/pages\/23"}],"wp:featuredmedia":[{"embeddable":true,"href":"https:\/\/noria-research.com\/africas\/wp-json\/"}],"wp:attachment":[{"href":"https:\/\/noria-research.com\/africas\/wp-json\/wp\/v2\/media?parent=169"}],"wp:term":[{"taxonomy":"podcast","embeddable":true,"href":"https:\/\/noria-research.com\/africas\/wp-json\/wp\/v2\/podcast?post=169"},{"taxonomy":"project","embeddable":true,"href":"https:\/\/noria-research.com\/africas\/wp-json\/wp\/v2\/project?post=169"}],"curies":[{"name":"wp","href":"https:\/\/api.w.org\/{rel}","templated":true}]}}